{"id":2306,"date":"2017-07-24T14:23:28","date_gmt":"2017-07-24T12:23:28","guid":{"rendered":"http:\/\/brainz-italy.com\/?page_id=2306"},"modified":"2018-05-31T09:35:53","modified_gmt":"2018-05-31T07:35:53","slug":"privacy-cookie-policy","status":"publish","type":"page","link":"https:\/\/brainz-italy.com\/index.php\/privacy-cookie-policy\/","title":{"rendered":"Privacy &#038; Cookie Policy"},"content":{"rendered":"<h3>INFORMATIVA TRATTAMENTO DEI DATI PERSONALI<\/h3>\n<p>I dati personali fornitici costituiscono oggetto di \u201ctrattamento\u201d svolto nel rispetto dei diritti, delle libert\u00e0 fondamentali, nonch\u00e9 della dignit\u00e0 delle persone fisiche e giuridiche, con particolare riferimento alla riservatezza e all\u2019identit\u00e0 personale delle stesse. Tenuto conto di quanto disposto dal decreto legislativo 30 giugno 2003 n. 196 Codice in materia di protezione dei dati personali e degli articoli 13 e 14 del regolamento UE N. 679\/2016 (in seguito GDPR) ed al fine di ottenere il consenso Vi informiamo di quanto segue:<\/p>\n<h3>FINALIT\u00c0 DEL TRATTAMENTO<\/h3>\n<p>I dati personali forniti sono destinati al trattamento ad opera di BRAINZ SRL funzionale al perfezionamento dei rapporti giuridici inerenti la sfera di attivit\u00e0 della societ\u00e0 ed al corretto adempimento delle relative obbligazioni.\u00a0I dati sono trattati al fine di permettere al soggetto interessato di partecipare ad un evento organizzato BRAINZ e per l\u2019adempimento di ogni altro onere relativo.\u00a0L\u2019invio di comunicazioni promozionali pu\u00f2 avvenire tramite modalit\u00e0 tradizionali di contatto (telefonate con operatore, posta cartacea) e modalit\u00e0 automatizzate (posta elettronica, SMS). I dati personali sono inoltre trattati per il compimento di ricerche statistiche e di mercato.<\/p>\n<h3>MODALIT\u00c0 DEL TRATTAMENTO<\/h3>\n<p>Il trattamento si attua mediante operazioni o complessi di operazioni di raccolta, registrazione e organizzazione del dato: elaborazione, compresi modifica, raffronto\/interconnessione; utilizzo, comprese consultazione e comunicazione; conservazione; cancellazione. I dati vengono custoditi e controllati mediante adozione di idonee misure preventive di sicurezza volte a ridurre al minimo i rischi di perdita e distruzione, di accesso non autorizzato, di trattamento non consentita e non conforme alle finalit\u00e0 per cui l\u2019assenso alla raccolta \u00e8 prestato. Il trattamento \u00e8 effettuato anche con l\u2019ausilio di mezzi elettronici o comunque automatizzati ed \u00e8 svolto direttamente dal Titolare, BRAINZ SRL.<\/p>\n<h3>COMUNICAZIONE DEI DATI<\/h3>\n<p>I soggetti che possono venire a conoscenza dei dati personali, nei limiti strettamente necessari per adempiere alle finalit\u00e0 sopra esposte, sono soggetti nominati Incaricati o Responsabili al trattamento dei dati personali da BRAINZ SRL.<br \/>\nOltre al personale interno, i dati personali saranno comunicati ai soggetti esterni che si occupano per conto del titolare della gestione dei sistemi informatici adibiti all\u2019invio di comunicazioni promozionali.<br \/>\nI dati personali possono essere comunicati a soggetti terzi che intervengono attivamente agli eventi a cui i soggetti iscritti partecipano.<br \/>\nLa comunicazione dei dati a tali soggetti avviene per il compimento di loro finalit\u00e0 promozionali e pu\u00f2 avvenire solo previo consenso del soggetto interessato.<\/p>\n<p>I suoi dati non saranno oggetto di trasferimento al di fuori dell\u2019Unione Europea. Resto in ogni caso inteso che il Titolare, ove si rendesse necessario per l\u2019esecuzione del contratto con lei concluso e\/o per la conclusione o l\u2019esecuzione di un contratto stipulato dal Titolare con un terzo a suo favore, avr\u00e0 facolt\u00e0, previo suo esplicito consenso, di comunicatore i suoi dati verso Paesi Terzi anche in assenza di una decisione di adeguatezza della commissione europea per mancanza in detto Paese Terzo di un livello di protezione adeguato dei dati. In detta ipotesi il trasferimento dei dati extra UE in avverr\u00e0 in conformit\u00e0 alle disposizioni di legge applicabili stipulando se necessari accordi che garantiscano un livello di protezione adeguato e\/o adottando le clausole contrattuali standard previste dalla Commissione Europea.<br \/>\nLei ha diritto di ottenere copia dei propri dati come precisato nei successivi paragrafi della presente informativa con le modalit\u00e0 indicate.<\/p>\n<h3>CONFERIMENTO DEI DATI E CONSEGUENZA DI EVENTUALE RIFIUTO<\/h3>\n<p>Il conferimento dei dati personali, ferme l\u2019autonomia dell\u2019interessato e l\u2019obbligatoriet\u00e0 per legge o disposizione comunitaria, costituisce condizione strettamente necessaria alla conclusione di nuovi rapporti e alla loro conseguente gestione ed esecuzione; l\u2019eventuale rifiuto comporta l\u2019impossibilit\u00e0 di concedere al soggetto la partecipazione all\u2019evento.<br \/>\n\u00c8 facoltativo il conferimento ai fini dello svolgimento di attivit\u00e0 di informazione e di promozione commerciale nei confronti dell\u2019interessato, sia da parte di BRAINZ che da parte dei Partner, e il rifiuto non comporta alcuna conseguenza sui rapporti giuridici in essere ovvero in corso di costituzione, ma preclude la possibilit\u00e0 di svolgere le predette attivit\u00e0.<br \/>\n\u00c8 facoltativo inoltre per attivit\u00e0 di profilazione e iniziative statistiche e per ricerche di mercato.<\/p>\n<h3>DIFFUSIONE DEI DATI<\/h3>\n<p>I dati personali non sono soggetti a diffusione.<\/p>\n<h3>CONSERVAZIONE DEI DATI<\/h3>\n<p>Il Titolare conserver\u00e0 i dati degli interessati in una forma che consenta l\u2019identificazione degli stessi per un arco temporale non superiore al conseguimento delle finalit\u00e0 per le quali i dati sono stati raccolti; verranno pertanto conservati fino all\u2019esistenza del rapporto contrattuale in essere. I dati strettamente necessari per gli adempimenti fiscali, contabili, venuta meno la finalit\u00e0 per la quale erano stati raccolti, verranno conservati per 10 anni o per il diverso periodo previsto dalle normative in materia. I dati raccolti per informare i soggetti in merito alle iniziative attinenti agli interessi dei medesimi verranno conservati per 5 anni.<\/p>\n<h3>DIRITTI DELL&#8217;INTERESSATO<\/h3>\n<p>L&#8217; interessato, ha i diritti di cui all&#8217;art . 7 Codice Privacy e art. 15 GDPR (diritto di accesso) ovvero i diritti di:<br \/>\nI. ottenere la conferma dell&#8217;esistenza o meno di dati personali che la riguardano, anche se non ancora registrati, e la loro comunicazione in forma intelligibile. II. ottenere I&#8217;indicazione: a) dell&#8217;origine dei dati personali; b) delle finalit\u00e0 e modalit\u00e0 del trattamento; c) della logica applicata in caso di trattamento effettuato con l&#8217;ausilio di strumenti elettronici; d) degli estremi identificativi del titolare, dei responsabili e del rappresentante designato ai sensi dell&#8217;art. 5, comma 2 Codice Privacy e art. 3, comma 1,GDPR; e) dei soggetti o delle categorie di soggetti ai quali i dati personali possono essere comunicati o che possono venirne a conoscenza in qualit\u00e0 di rappresentante designate nel territorio dello Stato, di responsabili o incaricati. Ill. ottenere :<br \/>\na) l&#8217;aggiornamento, la rettificazione ovvero, quando vi ha interesse, l&#8217;integrazione dei dati; b) la cancellazione, la trasformazione in forma anonima o il blocco dei dati trattati in violazione di legge, compresi quelli di cui non \u00e8 necessaria la conservazione in relazione agli scopi per i quali i dati sono stati raccolti o successivamente trattati; c) l&#8217;attestazione che le operazioni di cui alle lettere a) e b) sono state portate a conoscenza, anche per quanto riguarda il loro contenuto, di coloro ai quali i dati sono stati comunicati o diffusi, eccettuato il caso in cui tale adempimento si rivela impossibile o comporta un impiego di mezzi manifestamente sproporzionato rispetto al diritto tutelato. IV. opporsi, in tutto o in parte: a) per motivi legittimi al trattamento dei dati personali che lo riguardano, ancorch\u00e8 pertinenti allo scopo della raccolta; b) al trattamento di dati personali che lo riguardano a fini di invio di materiale pubblicitario o di vendita diretta o per il compimento di ricerche di mercato o di comunicazioni commerciali; V. il diritto di proporre reclamo all&#8217;Autorit\u00e0 di controllo per qualunque questione attinente il suddetto trattamento dei dati. Ai sensi degli artt. da 16 a 22 GDPR Lei potr\u00e0 esercitare: VI. il diritto di rettifica (art. 16), VII. il diritto all&#8217;oblio (cancellazione art. 17), VIII. il diritto di limitazione del Trattamento (art. 18), IX. il diritto ad ottenere dal Titolare la notifica ai destinatari cui sono stati trasmessi i dati delle eventuali rettifiche o cancellazioni o limitazioni del trattamento (art. 19), X. il diritto alla portabilit\u00e0 (art. 20), XI. il diritto di opposizione (art. 21), XII. il diritto di rifiutare il processo automatizzato (art. 22). In tal modo Le viene consentito di accedere ai propri dati per: \u2022 Verificarne la veridicit\u00e0; \u00b7 Modificarli nel caso divengano inesatti; \u00b7 lntegrarli anche con dichiarazione integrativa; \u00b7 Richiederne la cancellazione; \u00b7 Limitarne il trattamento; \u00b7 Opporsi al trattamento .\u00a0L&#8217;interessato potr\u00e0 revocare in qualsiasi momento il consenso espresso in relazione alle distinte finalit\u00e0 sopra indicate, salvo l&#8217;impossibilit\u00e0 di prosecuzione dei rapporti commerciali come indicato e fermo restando il trattamento dei dati precedentemente acquisiti per l&#8217;adempimento degli obblighi fiscali e tributari dipendenti dai contratti conclusi.<\/p>\n<h3>CANCELLAZIONE DEI DATI<\/h3>\n<p>II Titolare in osservanza al corrispondente diritto di accesso all&#8217;interessato, ha predisposto procedure per le quali gli interessati possano richiedere la cancellazione senza ingiustificato ritardo dei dati personali o la limitazione del trattamento dei dati personali che Ii riguardano per i seguenti motivi: \u2022 Perch\u00e8 i dati non sono pi\u00f9 necessari per le finalit\u00e0 per le quali erano stati raccolti; \u00b7 Perch\u00e8 l&#8217;interessato ha revocato il consenso; \u2022 Perch\u00e8 l&#8217;interessato si oppone al trattamento; \u2022 Perch\u00e8 i dati sono trattati in maniera illecita.<\/p>\n<h3>MODALIT\u00c0 DI ESERCIZIO DEI DIRITTI<\/h3>\n<p>Tutti i diritti indicati nei precedenti paragrafi potranno essere esercitati dall&#8217;interessato tramite:<br \/>\nTel. \u00a0 02 671658286\u00a0\u00a0\u00a0\u00a0\u00a0 Email:\u00a0\u00a0\u00a0 <a href=\"mailto:info@brainz-italy.com\">info@brainz-italy.com<\/a><\/p>\n","protected":false},"excerpt":{"rendered":"<p>INFORMATIVA TRATTAMENTO DEI DATI PERSONALI I dati personali fornitici costituiscono oggetto di \u201ctrattamento\u201d svolto nel rispetto dei diritti, delle libert\u00e0 fondamentali, nonch\u00e9 della dignit\u00e0 delle persone fisiche e giuridiche, con particolare riferimento alla riservatezza e all\u2019identit\u00e0 personale delle stesse. Tenuto conto di quanto disposto dal decreto legislativo 30 giugno 2003 n. 196 Codice in materia [&hellip;]<\/p>\n","protected":false},"author":4,"featured_media":0,"parent":0,"menu_order":0,"comment_status":"closed","ping_status":"closed","template":"","meta":{"footnotes":""},"yoast_head":"<!-- This site is optimized with the Yoast SEO plugin v22.8 - https:\/\/yoast.com\/wordpress\/plugins\/seo\/ -->\n<title>Privacy &amp; Cookie Policy - BRAINZ - Networking B2B<\/title>\n<meta name=\"description\" content=\"Privacy &amp; Cookie Policy - INFORMATIVA TRATTAMENTO DEI DATI PERSONALI AI SENSI dell\u2019art. 13 del D.lgs 196\/2003 - Brainz srl\" \/>\n<meta name=\"robots\" content=\"index, follow, max-snippet:-1, max-image-preview:large, max-video-preview:-1\" \/>\n<link rel=\"canonical\" href=\"https:\/\/brainz-italy.com\/index.php\/privacy-cookie-policy\/\" \/>\n<meta property=\"og:locale\" content=\"it_IT\" \/>\n<meta property=\"og:type\" content=\"article\" \/>\n<meta property=\"og:title\" content=\"Privacy &amp; Cookie Policy - BRAINZ - Networking B2B\" \/>\n<meta property=\"og:description\" content=\"Privacy &amp; Cookie Policy - INFORMATIVA TRATTAMENTO DEI DATI PERSONALI AI SENSI dell\u2019art. 13 del D.lgs 196\/2003 - Brainz srl\" \/>\n<meta property=\"og:url\" content=\"https:\/\/brainz-italy.com\/index.php\/privacy-cookie-policy\/\" \/>\n<meta property=\"og:site_name\" content=\"brainz\" \/>\n<meta property=\"article:modified_time\" content=\"2018-05-31T07:35:53+00:00\" \/>\n<meta name=\"twitter:card\" content=\"summary_large_image\" \/>\n<meta name=\"twitter:label1\" content=\"Tempo di lettura stimato\" \/>\n\t<meta name=\"twitter:data1\" content=\"7 minuti\" \/>\n<script type=\"application\/ld+json\" class=\"yoast-schema-graph\">{\"@context\":\"https:\/\/schema.org\",\"@graph\":[{\"@type\":\"WebPage\",\"@id\":\"https:\/\/brainz-italy.com\/index.php\/privacy-cookie-policy\/\",\"url\":\"https:\/\/brainz-italy.com\/index.php\/privacy-cookie-policy\/\",\"name\":\"Privacy & Cookie Policy - BRAINZ - Networking B2B\",\"isPartOf\":{\"@id\":\"https:\/\/brainz-italy.com\/#website\"},\"datePublished\":\"2017-07-24T12:23:28+00:00\",\"dateModified\":\"2018-05-31T07:35:53+00:00\",\"description\":\"Privacy & Cookie Policy - INFORMATIVA TRATTAMENTO DEI DATI PERSONALI AI SENSI dell\u2019art. 13 del D.lgs 196\/2003 - Brainz srl\",\"breadcrumb\":{\"@id\":\"https:\/\/brainz-italy.com\/index.php\/privacy-cookie-policy\/#breadcrumb\"},\"inLanguage\":\"it-IT\",\"potentialAction\":[{\"@type\":\"ReadAction\",\"target\":[\"https:\/\/brainz-italy.com\/index.php\/privacy-cookie-policy\/\"]}]},{\"@type\":\"BreadcrumbList\",\"@id\":\"https:\/\/brainz-italy.com\/index.php\/privacy-cookie-policy\/#breadcrumb\",\"itemListElement\":[{\"@type\":\"ListItem\",\"position\":1,\"name\":\"Home\",\"item\":\"https:\/\/brainz-italy.com\/\"},{\"@type\":\"ListItem\",\"position\":2,\"name\":\"Privacy &#038; Cookie Policy\"}]},{\"@type\":\"WebSite\",\"@id\":\"https:\/\/brainz-italy.com\/#website\",\"url\":\"https:\/\/brainz-italy.com\/\",\"name\":\"brainz\",\"description\":\"Networking B2B\",\"potentialAction\":[{\"@type\":\"SearchAction\",\"target\":{\"@type\":\"EntryPoint\",\"urlTemplate\":\"https:\/\/brainz-italy.com\/?s={search_term_string}\"},\"query-input\":\"required name=search_term_string\"}],\"inLanguage\":\"it-IT\"}]}<\/script>\n<!-- \/ Yoast SEO plugin. -->","yoast_head_json":{"title":"Privacy & Cookie Policy - BRAINZ - Networking B2B","description":"Privacy & Cookie Policy - INFORMATIVA TRATTAMENTO DEI DATI PERSONALI AI SENSI dell\u2019art. 13 del D.lgs 196\/2003 - Brainz srl","robots":{"index":"index","follow":"follow","max-snippet":"max-snippet:-1","max-image-preview":"max-image-preview:large","max-video-preview":"max-video-preview:-1"},"canonical":"https:\/\/brainz-italy.com\/index.php\/privacy-cookie-policy\/","og_locale":"it_IT","og_type":"article","og_title":"Privacy & Cookie Policy - BRAINZ - Networking B2B","og_description":"Privacy & Cookie Policy - INFORMATIVA TRATTAMENTO DEI DATI PERSONALI AI SENSI dell\u2019art. 13 del D.lgs 196\/2003 - Brainz srl","og_url":"https:\/\/brainz-italy.com\/index.php\/privacy-cookie-policy\/","og_site_name":"brainz","article_modified_time":"2018-05-31T07:35:53+00:00","twitter_card":"summary_large_image","twitter_misc":{"Tempo di lettura stimato":"7 minuti"},"schema":{"@context":"https:\/\/schema.org","@graph":[{"@type":"WebPage","@id":"https:\/\/brainz-italy.com\/index.php\/privacy-cookie-policy\/","url":"https:\/\/brainz-italy.com\/index.php\/privacy-cookie-policy\/","name":"Privacy & Cookie Policy - BRAINZ - Networking B2B","isPartOf":{"@id":"https:\/\/brainz-italy.com\/#website"},"datePublished":"2017-07-24T12:23:28+00:00","dateModified":"2018-05-31T07:35:53+00:00","description":"Privacy & Cookie Policy - INFORMATIVA TRATTAMENTO DEI DATI PERSONALI AI SENSI dell\u2019art. 13 del D.lgs 196\/2003 - Brainz srl","breadcrumb":{"@id":"https:\/\/brainz-italy.com\/index.php\/privacy-cookie-policy\/#breadcrumb"},"inLanguage":"it-IT","potentialAction":[{"@type":"ReadAction","target":["https:\/\/brainz-italy.com\/index.php\/privacy-cookie-policy\/"]}]},{"@type":"BreadcrumbList","@id":"https:\/\/brainz-italy.com\/index.php\/privacy-cookie-policy\/#breadcrumb","itemListElement":[{"@type":"ListItem","position":1,"name":"Home","item":"https:\/\/brainz-italy.com\/"},{"@type":"ListItem","position":2,"name":"Privacy &#038; Cookie Policy"}]},{"@type":"WebSite","@id":"https:\/\/brainz-italy.com\/#website","url":"https:\/\/brainz-italy.com\/","name":"brainz","description":"Networking B2B","potentialAction":[{"@type":"SearchAction","target":{"@type":"EntryPoint","urlTemplate":"https:\/\/brainz-italy.com\/?s={search_term_string}"},"query-input":"required name=search_term_string"}],"inLanguage":"it-IT"}]}},"_links":{"self":[{"href":"https:\/\/brainz-italy.com\/index.php\/wp-json\/wp\/v2\/pages\/2306"}],"collection":[{"href":"https:\/\/brainz-italy.com\/index.php\/wp-json\/wp\/v2\/pages"}],"about":[{"href":"https:\/\/brainz-italy.com\/index.php\/wp-json\/wp\/v2\/types\/page"}],"author":[{"embeddable":true,"href":"https:\/\/brainz-italy.com\/index.php\/wp-json\/wp\/v2\/users\/4"}],"replies":[{"embeddable":true,"href":"https:\/\/brainz-italy.com\/index.php\/wp-json\/wp\/v2\/comments?post=2306"}],"version-history":[{"count":7,"href":"https:\/\/brainz-italy.com\/index.php\/wp-json\/wp\/v2\/pages\/2306\/revisions"}],"predecessor-version":[{"id":2357,"href":"https:\/\/brainz-italy.com\/index.php\/wp-json\/wp\/v2\/pages\/2306\/revisions\/2357"}],"wp:attachment":[{"href":"https:\/\/brainz-italy.com\/index.php\/wp-json\/wp\/v2\/media?parent=2306"}],"curies":[{"name":"wp","href":"https:\/\/api.w.org\/{rel}","templated":true}]}}